mmon factor of 3 and 322997?
1
Calculate the greatest common factor of 15604 and 3486996.
332
What is the highest common factor of 33 and 28631955?
33
Calculate the greatest common divisor of 54015120 and 1530.
1530
What is the highest common divisor of 3332745 and 5275?
1055
What is the highest common factor of 28440 and 10576915?
395
Calculate the greatest common factor of 62044 and 10648.
4
What is the highest common divisor of 99996 and 4188?
12
What is the highest common factor of 1449081 and 381?
3
Calculate the greatest common divisor of 416304 and 231588.
252
Calculate the highest common factor of 948294 and 29376.
918
Calculate the greatest common divisor of 128384 and 8143.
17
Calculate the highest common factor of 144431 and 7144.
47
What is the greatest common divisor of 153 and 4821999?
51
What is the highest common factor of 4702 and 10172?
2
What is the highest common factor of 2979285 and 1535?
5
Calculate the highest common divisor of 3499067 and 594.
11
What is the greatest common factor of 2564 and 1998971320?
2564
What is the greatest common divisor of 88 and 14683449?
11
What is the highest common factor of 10 and 156436200?
10
What is the highest common divisor of 1478 and 416796?
1478
What is the highest common factor of 2040 and 11799500?
20
Calculate the highest common factor of 12797857 and 3816.
53
What is the greatest common divisor of 2826064 and 8776?
8
What is the highest common factor of 48 and 7266256?
16
What is the greatest common factor of 7547254 and 69212?
3146
What is the highest common factor of 62 and 39120791?
31
Calculate the greatest common divisor of 507339 and 14994.
63
Calculate the greatest common factor of 429043 and 2.
1
Calculate the highest common divisor of 118582250 and 250.
250
Calculate the greatest common factor of 13557735 and 202.
101
Calculate the highest common divisor of 1944251 and 4712.
19
What is the highest common factor of 10008460 and 4355?
335
What is the greatest common divisor of 60 and 207096765?
15
Calculate the greatest common divisor of 7233722 and 265538.
2918
Calculate the highest common factor of 3008896 and 44.
44
What is the greatest common divisor of 53300 and 52111?
41
What is the highest common divisor of 980 and 52190?
10
Calculate the greatest common divisor of 1049 and 63272533.
1049
Calculate the greatest common divisor of 946723 and 4008.
167
Calculate the greatest common divisor of 903583 and 72587.
2503
What is the greatest common factor of 248976 and 894768?
336
What is the greatest common divisor of 41309 and 7954154?
101
What is the highest common factor of 58187552 and 100691?
5923
What is the highest common factor of 443015 and 12550?
1255
Calculate the highest common divisor of 135382 and 8371298.
1066
Calculate the greatest common factor of 2664 and 15821644.
148
What is the highest common factor of 356 and 191638004?
356
Calculate the highest common divisor of 1184961360 and 990.
330
Calculate the highest common divisor of 63761384 and 6.
2
What is the highest common divisor of 6792135 and 245?
245
Calculate the greatest common factor of 28 and 1663676.
28
Calculate the highest common divisor of 9401457 and 207552.
3243
Calculate the greatest common factor of 7290 and 88668.
54
Calculate the highest common divisor of 26924 and 72716.
212
Calculate the greatest common divisor of 81334008 and 24.
24
What is the highest common divisor of 1886 and 27167991?
23
What is the greatest common factor of 3 and 2096759?
1
Calculate the greatest common divisor of 15705 and 19485.
45
Calculate the greatest common divisor of 58259526 and 39.
39
What is the greatest common divisor of 1532 and 31288802?
766
Calculate the highest common divisor of 20 and 3712964.
4
What is the greatest common factor of 5673042 and 402984?
3474
What is the greatest common factor of 956 and 772939384?
956
Calculate the greatest common factor of 1430 and 12953655.
715
Calculate the highest common factor of 5411 and 200977.
7
Calculate the highest common factor of 8650716 and 84.
12
Calculate the greatest common divisor of 724 and 118221417.
181
Calculate the greatest common factor of 729 and 169674021.
729
Calculate the greatest common factor of 79779 and 11777031.
2751
What is the highest common divisor of 54 and 11530998?
54
What is the highest common factor of 11822 and 21114?
46
Calculate the greatest common divisor of 165 and 4055.
5
What is the greatest common divisor of 61644 and 73442288?
1868
What is the highest common divisor of 28 and 19587596?
28
Calculate the highest common divisor of 39534528 and 8.
8
What is the highest common factor of 1765625 and 127012?
113
Calculate the greatest common factor of 6276537 and 543.
543
What is the highest common divisor of 5810623 and 77?
7
Calculate the highest common factor of 325 and 21768799.
13
Calculate the highest common factor of 150411 and 5792.
181
What is the highest common divisor of 7214053 and 1729?
133
What is the highest common divisor of 275 and 81642?
11
What is the greatest common divisor of 6462295 and 595?
595
Calculate the greatest common factor of 46773513 and 138.
69
What is the highest common divisor of 157478 and 950122?
142
What is the greatest common factor of 62 and 4444258394?
62
Calculate the highest common divisor of 35129983 and 111.
37
Calculate the highest common divisor of 1014 and 967326.
6
Calculate the highest common factor of 39222 and 36504.
18
What is the highest common divisor of 3351 and 1053411424?
1117
Calculate the highest common divisor of 2532558728 and 938.
938
Calculate the greatest common factor of 16723624 and 65888.
568
What is the highest common divisor of 35293933 and 29377?
1013
Calculate the highest common factor of 28 and 117478438.
14
What is the highest common divisor of 14241430 and 90?
10
Calculate the greatest common factor of 13983287 and 838.
419
What is the highest common factor of 1900517 and 496?
31
What is the greatest common divisor of 32179258 and 5163?
1721
Calculate the highest common divisor of 951 and 2157123819.
951
Calculate the highest common factor of 23385 and 59315.
5
What is the highest common factor of 114291 and 2788?
17
What is the highest common divisor of 117 and 44945446?
13
What is the greatest common divisor of 95 and 17501150?
5
What is the highest common divisor of 564637 and 187501?
97
What is the greatest common divisor of 233313804 and 162?
54
What is the highest common divisor of 108034 and 395542?
38
Calculate the highest common divisor of 555290907 and 102.
51
What is the greatest common factor of 29317674 and 3832?
958
Calculate the highest common factor of 1076634 and 1311414.
3354
What is the highest common factor of 2180 and 3140?
20
What is the greatest common divisor of 6540 and 73572?
12
What is the highest common divisor of 89762131 and 2575?
103
What is the highest common divisor of 591840 and 14122080?
4320
What is the greatest common factor of 638712 and 1998?
54
What is the greatest common divisor of 249060 and 1806?
42
Calculate the greatest common factor of 1986 and 126406914.
1986
What is the highest common divisor of 156755710 and 820?
410
What is the greatest common factor of 11409 and 21102847?
3803
What is the greatest common divisor of 3917252 and 18?
2
Calculate the highest common factor of 6240698 and 284554.
3898
What is the highest common factor of 1647 and 81366924?
183
Calculate the greatest common factor of 74000 and 1813.
37
What is the greatest common divisor of 12670 and 7467698?
2534
What is the highest common factor of 3549 and 3778502?
1183
Calculate the greatest common divisor of 43838595 and 36.
9
Calculate the greatest common divisor of 6792851 and 1378.
689
What is the greatest common factor of 1118 and 1270607?
559
What is the highest common divisor of 333 and 4244715?
9
What is the greatest common factor of 248 and 1428964220?
124
What is the highest common factor of 150 and 22018890?
30
What is the greatest common divisor of 147 and 150591630?
21
What is the highest common factor of 4543600 and 6660?
740
Calculate the greatest common divisor of 95 and 55832393.
19
What is the greatest common divisor of 1 and 1572853?
1
What is the greatest common factor of 88684638 and 84?
42
What is the greate